by 17?
14
Calculate the remainder when 1176 is divided by 381.
33
What is the remainder when 19017 is divided by 209?
207
What is the remainder when 248 is divided by 64?
56
Calculate the remainder when 772 is divided by 38.
12
Calculate the remainder when 441 is divided by 129.
54
Calculate the remainder when 79 is divided by 27.
25
Calculate the remainder when 114 is divided by 20.
14
Calculate the remainder when 139 is divided by 28.
27
What is the remainder when 55 is divided by 51?
4
Calculate the remainder when 93 is divided by 36.
21
What is the remainder when 441 is divided by 9?
0
Calculate the remainder when 51 is divided by 46.
5
Calculate the remainder when 62 is divided by 13.
10
What is the remainder when 1015 is divided by 3?
1
What is the remainder when 278 is divided by 90?
8
Calculate the remainder when 1003 is divided by 65.
28
Calculate the remainder when 199 is divided by 20.
19
Calculate the remainder when 1503 is divided by 47.
46
What is the remainder when 271 is divided by 39?
37
Calculate the remainder when 5803 is divided by 264.
259
What is the remainder when 148 is divided by 10?
8
Calculate the remainder when 780 is divided by 179.
64
Calculate the remainder when 365 is divided by 193.
172
What is the remainder when 8975 is divided by 67?
64
Calculate the remainder when 1497 is divided by 20.
17
Calculate the remainder when 242 is divided by 16.
2
Calculate the remainder when 1427 is divided by 160.
147
Calculate the remainder when 817 is divided by 41.
38
What is the remainder when 359 is divided by 17?
2
What is the remainder when 17731 is divided by 81?
73
What is the remainder when 5398 is divided by 225?
223
What is the remainder when 1020 is divided by 45?
30
What is the remainder when 680 is divided by 31?
29
Calculate the remainder when 1618 is divided by 36.
34
What is the remainder when 1266 is divided by 238?
76
Calculate the remainder when 40 is divided by 10.
0
Calculate the remainder when 214 is divided by 47.
26
Calculate the remainder when 8263 is divided by 29.
27
What is the remainder when 1242 is divided by 74?
58
What is the remainder when 736 is divided by 42?
22
What is the remainder when 425 is divided by 108?
101
Calculate the remainder when 97 is divided by 14.
13
Calculate the remainder when 106 is divided by 18.
16
What is the remainder when 1229 is divided by 95?
89
Calculate the remainder when 543 is divided by 17.
16
What is the remainder when 648 is divided by 301?
46
What is the remainder when 2500 is divided by 249?
10
What is the remainder when 799 is divided by 250?
49
Calculate the remainder when 2189 is divided by 546.
5
Calculate the remainder when 144 is divided by 75.
69
Calculate the remainder when 207 is divided by 47.
19
What is the remainder when 21412 is divided by 19?
18
What is the remainder when 168 is divided by 36?
24
What is the remainder when 56 is divided by 46?
10
Calculate the remainder when 5300 is divided by 37.
9
What is the remainder when 2729 is divided by 4?
1
What is the remainder when 1143 is divided by 366?
45
Calculate the remainder when 644 is divided by 18.
14
Calculate the remainder when 10479 is divided by 38.
29
Calculate the remainder when 199 is divided by 56.
31
What is the remainder when 266 is divided by 90?
86
What is the remainder when 1208 is divided by 13?
12
What is the remainder when 309 is divided by 79?
72
What is the remainder when 11817 is divided by 358?
3
What is the remainder when 41 is divided by 20?
1
Calculate the remainder when 174 is divided by 9.
3
What is the remainder when 717 is divided by 266?
185
Calculate the remainder when 944 is divided by 248.
200
Calculate the remainder when 331 is divided by 82.
3
Calculate the remainder when 128 is divided by 17.
9
Calculate the remainder when 27717 is divided by 140.
137
Calculate the remainder when 149 is divided by 3.
2
Calculate the remainder when 19 is divided by 6.
1
What is the remainder when 173 is divided by 33?
8
Calculate the remainder when 5397 is divided by 72.
69
Calculate the remainder when 2105 is divided by 39.
38
Calculate the remainder when 103 is divided by 59.
44
Calculate the remainder when 5368 is divided by 15.
13
What is the remainder when 249 is divided by 84?
81
Calculate the remainder when 125 is divided by 59.
7
What is the remainder when 1398 is divided by 35?
33
What is the remainder when 588 is divided by 150?
138
Calculate the remainder when 3442 is divided by 55.
32
Calculate the remainder when 295 is divided by 75.
70
What is the remainder when 6417 is divided by 35?
12
Calculate the remainder when 271 is divided by 73.
52
Calculate the remainder when 225 is divided by 125.
100
Calculate the remainder when 33 is divided by 32.
1
Calculate the remainder when 221 is divided by 211.
10
What is the remainder when 642 is divided by 18?
12
What is the remainder when 1184 is divided by 386?
26
What is the remainder when 2603 is divided by 30?
23
What is the remainder when 424 is divided by 7?
4
Calculate the remainder when 12986 is divided by 33.
17
Calculate the remainder when 3855 is divided by 33.
27
Calculate the remainder when 1336 is divided by 103.
100
What is the remainder when 860 is divided by 224?
188
What is the remainder when 417 is divided by 84?
81
Calculate the remainder when 97 is divided by 44.
9
What is the remainder when 88 is divided by 23?
19
What is the remainder when 365 is divided by 23?
20
Calculate the remainder when 2878 is divided by 12.
10
Calculate the remainder when 86 is divided by 73.
13
Calculate the remainder when 630 is divided by 78.
6
What is the remainder when 190 is divided by 98?
92
Calculate the remainder when 805 is divided by 192.
37
What is the remainder when 125 is divided by 26?
21
Calculate the remainder when 447 is divided by 40.
7
Calculate the remainder when 77 is divided by 69.
8
What is the remainder when 86 is divided by 78?
8
Calculate the remainder when 171 is divided by 11.
6
What is the remainder when 132 is divided by 19?
18
What is the remainder when 565 is divided by 57?
52
What is the remainder when 270 is divided by 64?
14
Calculate the remainder when 402 is divided by 19.
3
What is the remainder when 2476 is divided by 62?
58
What is the remainder when 239 is divided by 24?
23
What is the remainder when 172 is divided by 39?
16
What is the remainder when 13795 is divided by 189?
187
Calculate the remainder when 46 is divided by 38.
8
What is the remainder when 3088 is divided by 3?
1
What is the remainder when 1549 is divided by 11?
9
What is the remainder when 4463 is divided by 95?
93
What is the remainder when 204 is divided by 192?
12
What is the remainder when 517 is divided by 188?
141
What is the remainder when 297 is divided by 292?
5
What is the remainder when 8613 is divided by 11?
0
Calculate the remainder when 1358 is divided by 10.
8
What is the remainder when 104 is divided by 27?
23
What is the remainder when 752 is divided by 36?
32
Calculate the remainder when 721 is divided by 28.
21
Calculate the remainder when 633 is divided by 29.
24
Calculate the remainder when 953 is divided by 11.
7
Calculate the remainder when 432 is divided by 96.
48
What is the remainder when 1365 is divided by 276?
261
Calculate the remainder when 647 is divided by 185.
92
Calculate the remainder when 261 is divided by 78.
27
Calculate the remainder when 19 is divided by 6.
1
What is the remainder when 407 is divided by 32?
23
What is the remainder when 3109 is divided by 86?
13
Calculate the remainder when 573 is divided by 7.
6
What is the remainder when 601 is divided by 13?
3
Calculate the remainder when 1194 is divided by 46.
44
What is the remainder when 254 is divided by 123?
8
Calculate the remainder when 572 is divided by 25.
22
What is the remainder when 692 is divided by 11?
10
Calculate the remainder when 461 is divided by 7.
6
What is the remainder when 114 is divided by 36?
6
What is the remainder when 2033 is divided by 147?
122
What is the remainder when 155 is divided by 130?
25
What is the remainder when 15095 is divided by 136?
135
Calculate the remainder when 3770 is divided by 164.
162
What is the remainder when 605 is divided by 47?
41
Calculate the remainder when 